*b + 4*p + 1 = -7. Suppose b = k + 2*k + 4*w - 56, -84 = -4*k - 3*w. What is the remainder when k is divided by 13?
11
Let x be 4/(-12) + (-150)/(-18). Suppose 644 = 6*a + x*a. What is the remainder when a is divided by 7?
4
What is the remainder when 811 is divided by ((-4)/(-8))/(((-3)/58)/(-1*6))?
57
Suppose 2*j + 289 = -4*o + 349, -5*j + 3*o = -163. What is the remainder when 1403 is divided by j?
27
Suppose 5*b = -3*j - 8, -2*b + b - 5 = 4*j. Calculate the remainder when 32 is divided by 9/(-9) - 1/b - -3.
2
Let z(m) = -2*m**3 + 13*m**2 - 7*m + 8. Let l be z(6). Suppose 229 = 4*y + v, -l*y = -6*v + 5*v - 107. Calculate the remainder when 60 is divided by y.
4
Let d(h) = -13*h**3 - 2*h**2 - 2. Let f be d(2). Let m = -106 - f. What is the remainder when 39 is divided by m?
7
Let m(c) = c**3 + c. Let o(k) = -2*k**3 - 3*k**2 - 4*k + 2. Let l(u) = 3*m(u) + o(u). Let x = 7248 + -7063. What is the remainder when x is divided by l(5)?
44
Suppose 42*w = 40*w. Suppose w = -q + 12 - 1. Let v(r) = r**3 - 7*r**2 + 2*r - 10. What is the remainder when q is divided by v(7)?
3
Let l be (-12)/16 + 606/8. Let t = l + -27. Calculate the remainder when t is divided by 24.
0
Let g = 1395 + -1340. What is the remainder when 766 is divided by g?
51
Let f(v) be the second derivative of -v**5/20 - v**4/3 - v**3/3 + 3*v**2/2 - 15*v. What is the remainder when f(-5) is divided by 35/(-14)*(12/(-2))/3?
3
Let y(s) = -647*s - 1877. Calculate the remainder when 171 is divided by y(-3).
43
Let r be (-2)/16 + 30/(-16). Suppose -2*j - 33 = -4*j + 5*v, 3*j - 17 = v. Calculate the remainder when 35/3 - r/(-3) is divided by j.
3
Let g = -3565 - -5242. Calculate the remainder when g is divided by 73.
71
Let l = -233 + 344. Let i be l + 3 + -2 - (-36)/9. Let v = i + -103. What is the remainder when 35 is divided by v?
9
Suppose 10*t - 6*t = 1249 - 193. What is the remainder when t is divided by 9?
3
Suppose -5*m - 198*i + 200*i = -55857, i - 33534 = -3*m. What is the remainder when m is divided by 20?
15
Let c = 7782 + -7724. Calculate the remainder when 985 is divided by c.
57
Suppose 0 = 4*p + 2*d - 740, -5*p = -2*d - 2*d - 951. What is the remainder when p is divided by (-320)/(-55)*2101/382?
27
Let n = 260 + -243. Let x(q) = -6*q + 176. What is the remainder when 292 is divided by x(n)?
70
Suppose 18*f - 15*f = 2*o + 12768, -2*o = -4*f + 17028. What is the remainder when f is divided by 147?
144
Let a be (-2 + (-8)/(-4))/(-1 - -4). Suppose 14*y - 8 = 10*y, -x - 3*y + 263 = a. Calculate the remainder when x is divided by 10.
7
Suppose 2*z - 1908 = -2*z. Suppose 566 = -67*c + 4586. What is the remainder when z is divided by c?
57
Suppose -32*l + 352 = -28*l. Suppose -4*p + 6 = -6, 2*v - 2*p - l = 0. Calculate the remainder when 151 is divided by v.
10
Let g(r) = -2*r**3 - 28*r**2 + 5*r + 85. Calculate the remainder when 7109 is divided by g(-14).
14
Let t(g) = 4*g + 17. Let n be t(5). Let x = 44 - n. Suppose -x*m + 28 = -49. What is the remainder when 40 is divided by m?
7
Suppose 774 = 73*c + 226 - 328. Calculate the remainder when 3155 is divided by c.
11
Let t(d) = 27*d - 246. Let i be t(-22). Calculate the remainder when (-14)/i*12 + (-4388)/(-10) is divided by 9.
7
Suppose -5*d + 287 = -3. Let c = 59 - d. Suppose 1 + 2 = 3*k. What is the remainder when k is divided by c?
0
Suppose d = -x + 57 + 39, 0 = 4*d - 5*x - 429. Let w = -46 + 72. What is the remainder when d is divided by w?
23
Suppose -5*f = -o - 0*o - 105, -5*o = -4*f + 84. Let i(n) = 24*n + 50*n + 8 - f*n - 10. Calculate the remainder when i(3) is divided by 16.
13
Let u = -74 + 95. Suppose 246 = -15*w + 3366. What is the remainder when w is divided by u?
19
Let o(d) = 197*d + 1130. Calculate the remainder when o(-5) is divided by 121.
24
Let n = 534 + -532. Let j(z) = 9*z**2 - 11*z + 21. What is the remainder when j(n) is divided by 22?
13
Let p = -14 + 18. Calculate the remainder when 135 is divided by (102/15)/(p/(0 - -20)).
33
Suppose 1225*d - 1234*d = -1359. What is the remainder when d is divided by 25?
1
Let x(l) = -530*l + 3842. Suppose 114 + 22 = 4*f. Calculate the remainder when x(7) is divided by f.
30
Calculate the remainder when -9 - -9 - (3 - (-6 - -503)) is divided by 125.
119
Suppose -3*a + 54 = 3*a. Suppose q = -3*i + 55, 4*i + 0*q - 72 = -2*q. Calculate the remainder when i is divided by a.
1
Suppose -6*r + r + 30 = 0. Let u(w) = -w**3 + w**2 + 22*w + 120. Let h be u(-8). Let f = h - 516. Calculate the remainder when r is divided by f.
2
Suppose 670241 = 442*f + 237965. What is the remainder when f is divided by 82?
76
Let a(b) be the third derivative of b**5/10 - b**4/24 - b**3/3 - 48*b**2. Let m = -5 + 3. Calculate the remainder when 94 is divided by a(m).
22
Let o(z) = z**3 - 3*z**2 - 8*z + 18. Suppose -l - 50 = -b, -5*l = b + 2*b - 166. Suppose -7*u + b = 6*u. What is the remainder when 7 is divided by o(u)?
1
Let u(b) = b**3 - 22*b**2 + 8*b + 321. Calculate the remainder when 102 is divided by u(21).
6
Suppose -19 = -15*q + 41. Suppose 4*p + 0*p = -q*m + 528, 504 = 4*m - 2*p. Calculate the remainder when m is divided by 66.
62
Let n(h) = 4*h**3 - 9*h**2 + 14*h - 30. Calculate the remainder when 228 is divided by n(3).
33
Let v(c) = -c**3 + 2*c**2 - c + 1. Suppose 3*p - 38 = -3*n + 2*n, 4*p - n - 39 = 0. Let y = -10 + p. What is the remainder when y is divided by v(1)?
0
Let i(j) = -10*j**3 + j**2. Let m be (3 - 0) + -3 - -1 - 2. What is the remainder when 64 is divided by i(m)?
9
Suppose -5*z + 359 + 54 + 17 = 0. What is the remainder when z is divided by (1/(-2))/((-1)/32)?
6
Let q(r) = -11*r - 75. Let h be q(-5). What is the remainder when 2717/38 + -2 + h/(-8) is divided by 55?
17
Suppose -2*o - 2*m + 477 = -m, -m = 5*o - 1185. Let q = o - 208. Calculate the remainder when q is divided by 14.
0
Let n = 1748 - 1744. Calculate the remainder when 144 is divided by n.
0
Calculate the remainder when (24/(-30) - 0)*6265/(-14) is divided by 47.
29
Suppose -32*a + 5736 = -44*a. Let q = -445 - a. Calculate the remainder when 131 is divided by q.
32
Suppose 12*s = 17*s + 215. Let d = -43 - s. Suppose d = -4*o + o + 207. Calculate the remainder when o is divided by 14.
13
Let t = -2978 + 3008. Calculate the remainder when t is divided by 12.
6
Suppose 0 = -7*x - 74 + 4. What is the remainder when 125 is divided by (-72)/x*365/146?
17
Suppose -19 = -3*u + 23. Let j = -12 + 17. Suppose 12 = j*z - 2*q - 0, -3*z - 2*q + 20 = 0. What is the remainder when u is divided by z?
2
Let q = 14950 + -14720. Let k(y) = y**3 - y**2 - y + 29. Calculate the remainder when q is divided by k(0).
27
Let s be (-8 + (3 - -5))/(-2). Suppose s = -4*v, k - 66 = v + 175. Calculate the remainder when k is divided by 66.
43
Let k be 2/(((-4)/21)/(14/(-3))). Suppose 0 = -21*o + 55 + 113. Calculate the remainder when (k/(-18) - (-4)/18)*-6 is divided by o.
7
Let q be 18/(-75)*-5*220/33. Calculate the remainder when 86 is divided by (-2)/((8/(-13))/q).
8
Suppose -2*r + 2*x - 16 = -r, 20 = 4*x. Calculate the remainder when 231 is divided by (-352)/(-6) + (-6 - -4)/r.
54
Let q = -25 + 49. Let z(d) be the first derivative of 2*d**3/3 + 3*d**2/2 + 24*d + 125. What is the remainder when z(9) is divided by q?
21
Suppose -160*x + 162*x = -448. Let t = 293 + x. Calculate the remainder when t is divided by 37.
32
Let i = -124 - -128. Suppose -3*f + 6*f = 2*r + 1, -i*r = -5*f - 1. Suppose 340 = 5*a + 5*p, 4 - 76 = -a - f*p. What is the remainder when a is divided by 17?
15
Let s = 40299 - 40261. Suppose 379 = 4*r - 1457. Suppose 3*b - 5*h = 348, 4*b + h - 6*h = r. Calculate the remainder when b is divided by s.
35
Suppose 0 = 21*t - 2390 + 479. Calculate the remainder when 533 is divided by t.
78
Suppose 16*j - 13*j = 1338. Suppose 5*d + 504 + j = 0. What is the remainder when (-2)/(-4)*-5*7068/d is divided by 24?
21
Let t(z) = -19*z + 6. Let b(m) = -39*m + 13. Let r(w) = -4*b(w) + 9*t(w). Let i(l) = -2*l + 77. Calculate the remainder when i(-24) is divided by r(-2).
29
Let m = 10 + -6. Let t be m/3 + 5*(-4)/(-30). Suppose s = -x + 19, -t*s = -2*x - 0*s + 46. Calculate the remainder when x is divided by 9.
3
Suppose -33 = -s + 4*o, -3*s - 3*o = 5 - 29. Suppose 3*j - t + 837 = 0, 4*j + 4*t + 285 = -831. Let c = -204 - j. What is th